{"id":88,"date":"2013-01-23T20:16:02","date_gmt":"2013-01-23T18:16:02","guid":{"rendered":"http:\/\/www.pensionwalther.de\/Pension\/?page_id=88"},"modified":"2020-04-25T11:18:45","modified_gmt":"2020-04-25T09:18:45","slug":"hausordnung","status":"publish","type":"page","link":"https:\/\/www.pensionwalther.de\/Pension\/?page_id=88","title":{"rendered":"<!--:de-->Hausordnung<!--:--><!--:en-->House rules<!--:-->"},"content":{"rendered":"<p><!--:de-->Herzlich Willkommen in unserer Pension Walther<\/p>\n<p>Liebe G\u00e4ste!<\/p>\n<p>Sie verbringen Ihren Aufenthalt in einer privaten Pension. Wir haben uns mit der Einrichtung sehr viel M\u00fche gegeben und hoffen, dass Sie einen wundersch\u00f6nen Urlaub\u00a0 bei uns verbringen oder nach getaner Arbeit hier zur Ruhe kommen.<\/p>\n<p>Nachstehende Hausordnung soll eine Hilfestellung geben, in der wir beschreiben, wie wir uns den Umgang mit den Zimmern und dem Inventar vorstellen.<br \/>\nWir haben au\u00dferdem, zur eigenen Entlastung einige Regeln aufgef\u00fchrt, von denen wir uns w\u00fcnschen, dass diese Ihr Verst\u00e4ndnis finden. Durch die ordentliche Behandlung der Zimmer helfen Sie uns auch f\u00fcr die Zukunft, Ihnen ein sch\u00f6nes Zimmer zur Verf\u00fcgung stellen zu k\u00f6nnen.<\/p>\n<p>Bitte beachten Sie, dass keine Extra-Kosten f\u00fcr die Endreinigung auf Sie zukommen werden.<\/p>\n<p><strong>Allgemein<\/strong><br \/>\nVermissen Sie irgendetwas in der Einrichtung oder brauchen Sie Hilfe, wenden Sie sich vertrauensvoll an uns. Alle Einrichtungsgegenst\u00e4nde, die sich in Ihrem Zimmer oder im Garten befinden oder dazu geh\u00f6ren, d\u00fcrfen von Ihnen benutzt werden. Mit der Bitte, gehen Sie mit der gesamten Einrichtung und dem Inventar sorgsam um. Sie verpflichten sich das Zimmer pfleglich zu behandeln und daf\u00fcr Sorge zu tragen, dass auch andere Mitreisenden, diese Regeln hier einhalten.<\/p>\n<p><strong>Langzeitmiete (auch f\u00fcr Herren)<\/strong><br \/>\nBei einer Langzeitmiete (ab 30 Tagen), ist kein Reinigungsservice enthalten. Bitte reinigen Sie das von Ihnen angemietete Zimmer oder Apartment, 1 x in der Woche. Dazu geh\u00f6ren auch die Toiletten, WC Eimer und Duschfl\u00e4chen. Oder sprechen Sie mit uns und nehmen einen endgeltlichen Reinigungssservice in Anspruch. Sollte dieses nicht beachtet werden, so entsteht ein Entgelt f\u00fcr die Endreinigung in H\u00f6he von monatlich 30 \u20ac zu Ihren Lasten.<\/p>\n<p><strong>Sonstiges<\/strong><br \/>\nBitten bringen Sie Ihre gesamten pers\u00f6nlichen Sachen in Ihrem Zimmer unter. Lassen Sie keine Kleider oder Schuhe im Garten liegen lassen, da wir f\u00fcr Verschmutzung oder Besch\u00e4digung nicht haften. Gerne d\u00fcrfen Sie Besucher t\u00e4glich in der Zeit von 10:00 bis 22:00 Uhr empfangen. Die \u00dcbernachtung hausfremder Personen ist grunds\u00e4tzlich untersagt. Waffen jeglicher Art d\u00fcrfen nicht in unsere Pension eingebracht werden.<\/p>\n<p><strong>Tierhaltung<\/strong><br \/>\nWir bitten Sie h\u00f6flich Ihr Tier in den Zimmern nicht im Bett, auf dem Sessel oder auf den St\u00fchlen schlafen zu lassen. Bitte haben Sie daf\u00fcr Verst\u00e4ndnis, nach Ihnen kommende G\u00e4ste m\u00f6chten auch in einem Tierhaar freiem Bett schlafen bzw. sitzen. Wir geben Ihnen gern eine Decke f\u00fcr Ihren Liebling.<\/p>\n<p><strong>K\u00fcche\u00a0\u00a0<\/strong><br \/>\nBitte beachten Sie, dass nur Geschirr im sauberen, trockenem Zustand wieder in die Schr\u00e4nke einger\u00e4umt wird. Gleiches gilt auch f\u00fcr Besteck, T\u00f6pfe und andere Ger\u00e4te, die Sie benutzt haben.\u00a0 Nach der Benutzung der Herdplatten bitten wir Sie diese zu s\u00e4ubern. Gern geben wir Ihnen daf\u00fcr Putzmittel.<\/p>\n<p><strong>M\u00fcll<\/strong><br \/>\nDa wir M\u00fclltrennung haben, bitten wir Sie uns dabei zu helfen .<\/p>\n<p><strong>An die Raucher<\/strong><br \/>\nDas Rauchen in unserem Haus und unseren Zimmern, ist verboten. Besch\u00e4digungen wie Brandflecke und L\u00f6cher in oder an M\u00f6beln, Fu\u00dfboden, Bettw\u00e4sche, Tischdecken usw. haben zur Folge, dass wir Ihnen dieses zum Wiederbeschaffungswert in Rechnung stellen m\u00fcssen. Dies ist keineswegs im Mietpreis enthalten. Daher darf bei uns, nur im Garten geraucht werden, dort stehen Ihnen auch Aschenbecher zur Verf\u00fcgung. Diese Regel greift auch bei Verschmutzungen durch Speisen oder Getr\u00e4nke die nicht mehr zu Reinigen sind.<\/p>\n<p><strong>Schl\u00fcssel<\/strong><br \/>\nBitte geben Sie Ihre Schl\u00fcssel nicht aus der Hand. Bei Verlust der Schl\u00fcssel haftet der Mieter bis zur H\u00f6he der Wiederbeschaffungskosten f\u00fcr ein neues Schlo\u00df mit Schl\u00fcssel. Der Schl\u00fcssel darf nicht an fremde Personen \u00fcbergeben werden. Gerne nehmen wir den Schl\u00fcssel in Verwahrung wenn Sie das Gel\u00e4nde verlassen.<\/p>\n<p><strong>Bad<\/strong><br \/>\nAus technischen Gr\u00fcnden bitten wir das keine Hygieneprodukte oder\u00a0 Essensreste in der Toilette entsorgt werden.<\/p>\n<p><strong>Ruhezeiten<\/strong><br \/>\nIm Sinne einer guten Nachbarschaft bitten wir Sie, dass von 22:30 Uhr bis 6:30 Uhr die\u00a0\u00a0 Nachtruhe eingehalten wird. Ausnahmen wie z.B. Grillabende oder Musikveranstalltungen werden rechtzeitig angek\u00fcndigt.<\/p>\n<p><strong>Besch\u00e4digung bzw. Verlust<\/strong><br \/>\nNiemand besch\u00e4digt oder verliert absichtlich Sachen. Es kann jedoch jedem passieren, dass einmal etwas kaputt oder verloren geht. Wir w\u00fcrden uns freuen, wenn Sie den entstandenen Schaden bzw. Verlust uns mitteilen, und wir diesen nicht erst nach Ihrer Abreise bzw. bei der Endreinigung feststellen m\u00fcssen.<br \/>\nDer Mieter haftet f\u00fcr Besch\u00e4digungen bzw. Verlust in H\u00f6he des Wiederbeschaffungswertes.<\/p>\n<p><strong>Parkm\u00f6glichkeiten<\/strong><br \/>\nSoweit dem Gast ein Stellplatz vor der Pension zur Verf\u00fcgung gestellt wird, kommt dadurch kein Verwahrungsvertrag zustande. Bei Abhandenkommen oder Besch\u00e4digung auf oder vor dem Pensionsgrundst\u00fcck abgestellter oder rangierter Fahrzeuge und deren Inhalte, haftet die Pension nicht.<\/p>\n<p><strong>Sorgfaltspflicht<\/strong><br \/>\nBitte schlie\u00dfen Sie alle Fenster und T\u00fcren beim Verlassen des Zimmers um Sch\u00e4den die\u00a0\u00a0 durch Unwetter entstehen k\u00f6nnen zu vermeiden. Bei Inbetriebnahme der Heizung\u00a0 bitte T\u00fcren und Fenster geschlossen halten.Bei Verlassen des Zimmers ist das Licht auszuschalten .<\/p>\n<p>Bei\u00a0 Reservierung der Zimmer gehen wir davon aus, dass die Hausordnung gelesen wurde. Diese wurde mit einer Buchung anerkannt !<br \/>\nBei Fragen stehen wir Ihnen gern zur Verf\u00fcgung<\/p>\n<p>Wir w\u00fcnschen allen G\u00e4sten einen sch\u00f6nen Aufenthalt<br \/>\nund Danken Ihnen f\u00fcr Ihr Verst\u00e4ndnis Ihre Pension Walther.<\/p>\n<p><!--:--><\/p>\n","protected":false},"excerpt":{"rendered":"<p>Herzlich Willkommen in unserer Pension Walther Liebe G\u00e4ste! Sie verbringen Ihren Aufenthalt in einer privaten Pension. Wir haben uns mit der Einrichtung sehr viel M\u00fche gegeben und hoffen, dass Sie einen wundersch\u00f6nen Urlaub\u00a0 bei uns verbringen oder nach getaner Arbeit hier zur Ruhe kommen. Nachstehende Hausordnung soll eine Hilfestellung geben, in der wir beschreiben, wie &hellip; <\/p>\n<p class=\"link-more\"><a href=\"https:\/\/www.pensionwalther.de\/Pension\/?page_id=88\" class=\"more-link\"><span class=\"screen-reader-text\">\u201e<!--:de-->Hausordnung<!--:--><!--:en-->House rules<!--:-->\u201c<\/span> weiterlesen<\/a><\/p>\n","protected":false},"author":1,"featured_media":0,"parent":0,"menu_order":0,"comment_status":"closed","ping_status":"open","template":"","meta":{"footnotes":""},"class_list":["post-88","page","type-page","status-publish","hentry"],"_links":{"self":[{"href":"https:\/\/www.pensionwalther.de\/Pension\/index.php?rest_route=\/wp\/v2\/pages\/88","targetHints":{"allow":["GET"]}}],"collection":[{"href":"https:\/\/www.pensionwalther.de\/Pension\/index.php?rest_route=\/wp\/v2\/pages"}],"about":[{"href":"https:\/\/www.pensionwalther.de\/Pension\/index.php?rest_route=\/wp\/v2\/types\/page"}],"author":[{"embeddable":true,"href":"https:\/\/www.pensionwalther.de\/Pension\/index.php?rest_route=\/wp\/v2\/users\/1"}],"replies":[{"embeddable":true,"href":"https:\/\/www.pensionwalther.de\/Pension\/index.php?rest_route=%2Fwp%2Fv2%2Fcomments&post=88"}],"version-history":[{"count":6,"href":"https:\/\/www.pensionwalther.de\/Pension\/index.php?rest_route=\/wp\/v2\/pages\/88\/revisions"}],"predecessor-version":[{"id":267,"href":"https:\/\/www.pensionwalther.de\/Pension\/index.php?rest_route=\/wp\/v2\/pages\/88\/revisions\/267"}],"wp:attachment":[{"href":"https:\/\/www.pensionwalther.de\/Pension\/index.php?rest_route=%2Fwp%2Fv2%2Fmedia&parent=88"}],"curies":[{"name":"wp","href":"https:\/\/api.w.org\/{rel}","templated":true}]}}